lculate v(107).
-106
Let g(q) = 902*q - 57747. Give g(64).
-19
Let m(c) = -1440339*c + 8642047. Calculate m(6).
13
Let j(m) = -m**3 + 31*m**2 - 93*m - 753. What is j(13)?
1080
Let u(j) = -27344*j + 656170. What is u(24)?
-86
Let c(q) = q**3 + 21*q**2 - 274*q - 3751. Give c(-26).
-7
Let v(j) = 29970*j + 239979. Calculate v(-8).
219
Let u(w) = -42*w - 1717. Give u(8).
-2053
Let n(i) = i**3 - 3*i**2 + 648*i - 1293. What is n(2)?
-1
Let g(l) = l**3 + 371*l**2 + 3255*l - 15. What is g(-9)?
12
Let a(l) = 6575*l - 13155. What is a(2)?
-5
Let n(k) = -285*k + 44. Determine n(3).
-811
Let r(b) = b**3 + 3293*b**2 - 13440*b + 1012. Calculate r(4).
4
Let k(a) = -a**3 + 36*a**2 - 335*a + 226. Give k(19).
-2
Let s(q) = 32092*q - 577643. Calculate s(18).
13
Let w(s) = 208*s**2 - 34*s - 76. Determine w(-2).
824
Let z(h) = 241154*h + 1929221. Calculate z(-8).
-11
Let a(u) = 173*u - 15342. Give a(89).
55
Let g(c) = -c**3 - 69*c**2 - 388*c - 504. Calculate g(-63).
126
Let a(g) = 12*g**3 + 122*g**2 - 47*g + 17. Give a(-9).
1574
Let s(i) = 176*i + 6490. Determine s(-38).
-198
Let t(l) = -l**2 - 73809*l - 369014. Give t(-5).
6
Let i(g) = -15*g**3 + 1318*g**2 + 178*g - 193. What is i(88)?
-17
Let g(o) = o**3 - 1588*o**2 - 17595*o - 98. Determine g(-11).
-32
Let k(t) = 14118*t + 832920. Calculate k(-59).
-42
Let c(y) = y**3 - 132*y**2 + 30*y + 46070. Calculate c(129).
17
Let r(l) = 2728*l + 65416. Calculate r(-24).
-56
Let a(b) = 5648*b + 2226. Calculate a(0).
2226
Let i(x) = 2*x**3 - 109*x**2 - 46*x - 292. Give i(55).
203
Let m(n) = -364*n - 2369. Calculate m(-7).
179
Let p(z) = -20*z**2 + 2421*z + 236. Give p(121).
357
Let u(o) = 3*o**3 + 258*o**2 + 271*o + 1358. Give u(-85).
-2
Let t(r) = 9198*r + 395517. What is t(-43)?
3
Let f(m) = -17*m**3 + 57*m**2 + 47*m + 190. Give f(5).
-275
Let f(k) = k**3 - 26*k**2 - 43*k + 1215. Calculate f(24).
-969
Let a(g) = -73*g**2 + 1448*g + 242. What is a(20)?
2
Let d(l) = 3*l**3 - 40*l**2 + 157*l - 83. Give d(4).
97
Let t(b) = 464*b**2 - 2780*b - 13. Give t(6).
11
Let w(l) = -6982*l + 132662. Calculate w(19).
4
Let u(l) = 5721*l - 120284. Determine u(21).
-143
Let f(u) = 10310*u - 175300. Give f(17).
-30
Let d(g) = -28*g**3 - 116*g**2 - 7*g + 42. Give d(-4).
6
Let c(y) = -274*y + 40569. Calculate c(143).
1387
Let b(v) = -96*v - 1289. What is b(-33)?
1879
Let a(j) = -5*j**3 - 1520*j**2 + 292*j + 88801. Determine a(-304).
33
Let l(u) = u**3 - 64*u**2 - 21174*u + 469. What is l(-117)?
118
Let w(r) = -2*r**3 - 10*r**2 - 298*r - 2259. What is w(-8)?
509
Let l(w) = 13379*w + 1525200. Give l(-114).
-6
Let u(h) = -78063*h - 390295. What is u(-5)?
20
Let z(g) = -g**2 - 254*g - 6030. What is z(-27)?
99
Let p(c) = -2*c**2 + 33*c + 2864. What is p(-32)?
-240
Let n(p) = 2*p**3 - 234*p**2 - 502*p + 2968. Determine n(119).
-126
Let a(b) = -3*b**3 + 356*b**2 - 1110*b + 21108. Give a(116).
-4
Let t(g) = -2467*g - 9818. Calculate t(-4).
50
Let l(p) = 601927*p - 601919. Calculate l(1).
8
Let k(v) = -11487*v + 4135312. Determine k(360).
-8
Let o(u) = 3*u**3 - 14*u**2 + 264*u - 17714. What is o(18)?
-2
Let w(g) = -20*g**2 - 3162*g + 2507. What is w(-159)?
-355
Let d(u) = -u**2 - 3917*u + 538660. Calculate d(133).
10
Let b(j) = 2*j**2 + 177*j + 403. Determine b(-86).
-27
Let c(x) = -10*x**2 + 133*x - 383. Calculate c(4).
-11
Let h(s) = -3*s**2 + 712*s - 23337. Give h(198).
27
Let v(j) = 38*j**2 - 1576*j - 8135. Give v(46).
-223
Let f(n) = -588*n - 2868. Calculate f(-5).
72
Let t(u) = 19*u**2 - 503*u + 2894. What is t(18)?
-4
Let j(a) = -2*a**3 + 367*a**2 - 1151*a + 177132. Give j(183).
-12
Let n(p) = p**3 - 23*p**2 - 986*p - 174. Calculate n(45).
6
Let s(p) = -2*p**2 - 995*p - 52878. Give s(-437).
-1
Let h(d) = d**2 + 71*d - 11900. Give h(-149).
-278
Let n(z) = -z**3 + 86*z**2 - 1210*z + 72342. Calculate n(82).
18
Let w(h) = 246*h**2 - 13269*h - 1011. Calculate w(54).
-201
Let r(g) = g**3 - 482*g**2 + 51998*g - 162. What is r(163)?
1
Let w(q) = 378*q + 53212. Calculate w(-140).
292
Let y(k) = -701*k - 187800. Calculate y(-268).
68
Let h(d) = -38*d**2 + 2487*d + 9467. Give h(69).
152
Let h(q) = -399*q**3 + 397*q**2 + 461*q - 459. What is h(1)?
0
Let s(u) = -70*u - 5809. What is s(-83)?
1
Let n(k) = -3434*k + 48062. What is n(14)?
-14
Let f(y) = y**3 + 214*y**2 + 216*y + 715. Calculate f(-213).
76
Let z(v) = -v**2 + 82*v - 1327. Calculate z(61).
-46
Let p(g) = -41*g**2 + 72*g - 446. Determine p(6).
-1490
Let q(b) = b**3 - 18*b**2 - 113*b + 1648. Determine q(18).
-386
Let c(v) = 123*v - 15893. Calculate c(131).
220
Let g(c) = -21*c**3 + 1383*c**2 + 125*c + 4821. What is g(66)?
3
Let k(a) = -a**2 + 6455*a - 5609699. What is k(1035)?
1
Let x(o) = 3*o**3 - 14*o**2 - 165*o + 23. Give x(-6).
-139
Let o(z) = -7244*z - 35652. Give o(-5).
568
Let b(u) = 361*u**2 + 346*u - 1060. Give b(3).
3227
Let r(w) = 206*w**3 - w**2 + 229*w - 462. Determine r(2).
1640
Let v(t) = -288*t**2 + 432*t - 2. Calculate v(2).
-290
Let z(v) = 159*v**2 - 28777*v + 10. Calculate z(181).
372
Let o(c) = 87*c - 10284. What is o(120)?
156
Let k(t) = 17423*t + 400832. Calculate k(-23).
103
Let l(g) = 22*g**2 + 1453*g - 51. What is l(-66)?
-117
Let n(r) = 1101*r - 49478. What is n(45)?
67
Let y(z) = 12217*z - 2394438. Give y(196).
94
Let m(u) = 2*u**3 - 65*u**2 - 1239*u - 124. Determine m(46).
14
Let b(j) = -23*j**2 - 44*j - 193. What is b(-5)?
-548
Let w(s) = -85*s**2 + 2206*s + 16. Give w(26).
-88
Let o(k) = -k**3 - 168*k**2 - 2013*k - 5. Determine o(-13).
-31
Let d(k) = -103*k**3 - 4118*k**2 + 74*k - 236. Determine d(-40).
4
Let w(c) = -c**3 + 16*c**2 + 468*c + 46. Determine w(-15).
1
Let r(d) = -73*d**3 + 32120*d**2 - 72*d + 31652. Calculate r(440).
-28
Let q(r) = 4021*r - 64464. Determine q(16).
-128
Let l(x) = x**2 - 13135*x + 144398. Give l(11).
34
Let y(m) = -598*m + 15718. Determine y(26).
170
Let k(x) = -53464*x - 160231. What is k(-3)?
161
Let z(w) = w**3 + 16*w**2 - 52*w - 36. Calculate z(-14).
1084
Let l(k) = 127*k + 21011. Determine l(-163).
310
Let v(l) = 358*l - 2527. Give v(7).
-21
Let o(n) = 73*n**2 - 721*n - 107. Give o(9).
-683
Let c(f) = 8*f**3 + 2072*f**2 + 2069*f + 1141. What is c(-258)?
-149
Let k(j) = -13*j**2 - 6327*j - 12315. What is k(-485)?
-1645
Let n(w) = -2*w**2 + 21120*w - 841576. Calculate n(40).
24
Let v(a) = 204*a**3 + 105*a**2 - 206*a - 19. Determine v(2).
1621
Let i(z) = 625*z - 5344. What is i(9)?
281
Let y(b) = 2*b**3 - 53*b**2 + 853*b - 17571. Determine y(24).
21
Let p(i) = -18097*i - 18021. Determine p(-1).
76
Let l(z) = 23860*z - 334044. Calculate l(14).
-4
Let j(l) = -389*l**2 + 7*l + 64. Determine j(1).
-318
Let s(d) = -656*d - 47085. Calculate s(-73).
803
Let k(i) = 83*i - 10696. What is k(131)?
177
Let p(r) = -r**3 - 21*r**2 - 9*r - 27. What is p(-3)?
-162
Let v(y) = 37*y + 6181. Give v(-173).
-220
Let r(x) = 2*x**3 - 693*x**2 - 23811*x - 1210. What is r(378)?
-76
Let j(z) = 1632*z + 713. What is j(2)?
3977
Let l(z) = 5*z**2 - 54*z - 893. Give l(-13).
654
Let f(o) = -33*o - 3909. Calculate f(-113).
-180
Let a(j) = 55*j**2 + 791*j + 2421. Give a(-4).
137
Let l(w) = 12*w**2 - 1913*w - 17171. What is l(-9)?
1018
Let a(q) = 26*q**3 + 6137*q**2 + 238*q + 465. What is a(-236)?
-7
Let r(s) = s**2 - 4295*s + 77029. Calculate r(18).
43
Let r(z) = z**2 + 206612*z + 4958106. Determine r(-24).
-6
Let s(t) = 8*t**3 + 154*t**2 - 46*t. What is s(-19)?
1596
Let l(q) = 2163*q - 1369170. Give l(633).
9
Let r(x) = -x**2 - 1919*x - 331590. Give r(-192).
-6
Let j(k) = -12345*k - 1320926. Determine j(-107).
-11
Let o(y) = -922*y - 220. Give o(1).
-1142
Let i(s) = 8*s**2 + 6*s - 1245. Determine i(15).
645
Let n(r) = -247*r**2 + 2077*r + 43. What is n(8)?
851
Let d(h) = -12*h**3 - 88*h**2 - 92*h - 7. Determine d(-6).
-31
Let v(t) = 21*t**3 + 1346*t**2 + 128*t - 62. Give v(-64).
-62
Let z(v) = 147586*v - 4132403. Give z(28).
5
Let t(r) = -9*r**3 + 158*r**2 - 33*r - 12. Give t(17).
872
Let j(r) = 85*r**2 + 55354*r + 67606. What is j(-650)?
6
Let a(d) = 472*d**3 + 95344*d**2 - d - 203. Calculate a(-202).
-1
Let v(k) = -336*k - 23191. Calculate v(-68).
-343
Let g(q) = -757*q - 46285. Give g(-61).
-108
Let q(d) = -10*d**2 - 5444*d + 215123. Calculate q(37).
5
Let b(x) = -x**3 + 604*x**2 + 2853*x - 255964. Calculate b(608).
4
Let p(x) = -x**3 - 141*x**2 + 157*x + 2146. Ca